1067
List the prime factors of 28798.
2, 7, 11, 17
List the prime factors of 1047.
3, 349
List the prime factors of 2469.
3, 823
List the prime factors of 286.
2, 11, 13
What are the prime factors of 680?
2, 5, 17
What are the prime factors of 27?
3
List the prime factors of 2239.
2239
List the prime factors of 1782.
2, 3, 11
List the prime factors of 11121.
3, 11, 337
What are the prime factors of 48298?
2, 19, 31, 41
List the prime factors of 33350.
2, 5, 23, 29
What are the prime factors of 18449?
19, 971
List the prime factors of 390.
2, 3, 5, 13
List the prime factors of 1208.
2, 151
List the prime factors of 515.
5, 103
What are the prime factors of 326?
2, 163
What are the prime factors of 19445?
5, 3889
List the prime factors of 64391.
19, 3389
List the prime factors of 1020.
2, 3, 5, 17
List the prime factors of 241.
241
What are the prime factors of 13650?
2, 3, 5, 7, 13
List the prime factors of 6142.
2, 37, 83
List the prime factors of 63435.
3, 5, 4229
List the prime factors of 4834.
2, 2417
What are the prime factors of 33548?
2, 8387
What are the prime factors of 48711?
3, 13, 1249
List the prime factors of 152.
2, 19
List the prime factors of 87345.
3, 5, 647
List the prime factors of 11330.
2, 5, 11, 103
List the prime factors of 1198.
2, 599
List the prime factors of 1150.
2, 5, 23
List the prime factors of 86502.
2, 3, 13, 1109
List the prime factors of 24821.
24821
List the prime factors of 46802.
2, 7, 3343
What are the prime factors of 3845?
5, 769
What are the prime factors of 3134?
2, 1567
What are the prime factors of 109210?
2, 5, 67, 163
List the prime factors of 9575.
5, 383
What are the prime factors of 814?
2, 11, 37
List the prime factors of 11863.
11863
What are the prime factors of 24072?
2, 3, 17, 59
List the prime factors of 25192.
2, 47, 67
List the prime factors of 29.
29
What are the prime factors of 506?
2, 11, 23
List the prime factors of 62178.
2, 3, 43, 241
What are the prime factors of 933?
3, 311
What are the prime factors of 11803?
11, 29, 37
List the prime factors of 2520.
2, 3, 5, 7
What are the prime factors of 5605?
5, 19, 59
What are the prime factors of 19458?
2, 3, 23, 47
What are the prime factors of 11465?
5, 2293
What are the prime factors of 4146?
2, 3, 691
List the prime factors of 6752.
2, 211
What are the prime factors of 622?
2, 311
What are the prime factors of 2739?
3, 11, 83
What are the prime factors of 2256?
2, 3, 47
What are the prime factors of 2564?
2, 641
List the prime factors of 52205.
5, 53, 197
What are the prime factors of 82726?
2, 7, 19, 311
List the prime factors of 3487.
11, 317
What are the prime factors of 30828?
2, 3, 7, 367
List the prime factors of 9805.
5, 37, 53
List the prime factors of 2348.
2, 587
What are the prime factors of 3531?
3, 11, 107
What are the prime factors of 11819?
53, 223
What are the prime factors of 601?
601
What are the prime factors of 1229?
1229
What are the prime factors of 12585?
3, 5, 839
List the prime factors of 49245.
3, 5, 7, 67
What are the prime factors of 86947?
7, 12421
What are the prime factors of 745?
5, 149
What are the prime factors of 6853?
7, 11, 89
What are the prime factors of 2241?
3, 83
What are the prime factors of 594?
2, 3, 11
List the prime factors of 156406.
2, 78203
What are the prime factors of 17906?
2, 7, 1279
What are the prime factors of 79982?
2, 7, 29, 197
What are the prime factors of 4150?
2, 5, 83
What are the prime factors of 4678?
2, 2339
What are the prime factors of 2424?
2, 3, 101
List the prime factors of 443.
443
List the prime factors of 4830.
2, 3, 5, 7, 23
What are the prime factors of 7590?
2, 3, 5, 11, 23
List the prime factors of 1253.
7, 179
What are the prime factors of 5816?
2, 727
What are the prime factors of 14359?
83, 173
List the prime factors of 738.
2, 3, 41
What are the prime factors of 5146?
2, 31, 83
List the prime factors of 3229.
3229
What are the prime factors of 6426?
2, 3, 7, 17
List the prime factors of 4165.
5, 7, 17
List the prime factors of 26833.
26833
What are the prime factors of 1429?
1429
What are the prime factors of 9757?
11, 887
List the prime factors of 22752.
2, 3, 79
List the prime factors of 3928.
2, 491
List the prime factors of 17640.
2, 3, 5, 7
What are the prime factors of 3179?
11, 17
List the prime factors of 2614.
2, 1307
What are the prime factors of 9768?
2, 3, 11, 37
List the prime factors of 7569.
3, 29
What are the prime factors of 3938?
2, 11, 179
List the prime factors of 4083.
3, 1361
What are the prime factors of 986?
2, 17, 29
What are the prime factors of 11405?
5, 2281
List the prime factors of 74239.
11, 17, 397
What are the prime factors of 3256?
2, 11, 37
List the prime factors of 15823.
15823
List the prime factors of 2438.
2, 23, 53
List the prime factors of 45939.
3, 15313
List the prime factors of 26204.
2, 6551
What are the prime factors of 5575?
5, 223
What are the prime factors of 3737?
37, 101
What are the prime factors of 34311?
3, 11437
List the prime factors of 4048.
2, 11, 23
List the prime factors of 2822.
2, 17, 83
What are the prime factors of 6822?
2, 3, 379
List the prime factors of 6114.
2, 3, 1019
What are the prime factors of 37860?
2, 3, 5, 631
What are the prime factors of 67878?
2, 3, 419
What are the prime factors of 6084?
2, 3, 13
List the prime factors of 1140.
2, 3, 5, 19
List the prime factors of 4879.
7, 17, 41
List the prime factors of 8240.
2, 5, 103
List the prime factors of 26909.
71, 379
List the prime factors of 26955.
3, 5, 599
What are the prime factors of 72053?
72053
What are the prime factors of 608?
2, 19
List the prime factors of 2572.
2, 643
What are the prime factors of 16667?
7, 2381
List the prime factors of 6130.
2, 5, 613
What are the prime factors of 58299?
3, 19433
What are the prime factors of 34090?
2, 5, 7, 487
List the prime factors of 1986.
2, 3, 331
List the prime factors of 922.
2, 461
What are the prime factors of 2452?
2, 613
List the prime factors of 2071.
19, 109
List the prime factors of 27179.
27179
What are the prime factors of 2260?
2, 5, 113
List the prime factors of 24278.
2, 61, 199
What are the prime factors of 89596?
2, 13, 1723
What are the prime factors of 1462?
2, 17, 43
What are the prime factors of 3400?
2, 5, 17
List the prime factors of 2562.
2, 3, 7, 61
What are the prime factors of 1832?
2, 229
List the prime factors of 17604.
2, 3, 163
What are the prime factors of 2258?
2, 1129
List the prime factors of 162990.
2, 3, 5, 1811
What are the prime factors of 374?
2, 11, 17
List the prime factors of 439.
439
What are the prime factors of 88865?
5, 7, 2539
List the prime factors of 4164.
2, 3, 347
What are the prime factors of 1416?
2, 3, 59
What are the prime factors of 14551?
14551
What are the prime factors of 506?
2, 11, 23
What are the prime factors of 1126?
2, 563
What are the prime factors of 1220?
2, 5, 61
List the prime factors of 6596.
2, 17, 97
List the prime factors of 36.
2, 3
What are the prime factors of 43467?
3, 14489
List the prime factors of 7519.
73, 103
List the prime factors of 1295.
5, 7, 37
What are the prime factors of 15877?
15877
What are the prime factors of 1272?
2, 3, 53
What are the prime factors of 146183?
17, 8599
List the prime factors of 9160.
2, 5, 229
What are the prime factors of 105666?
2, 3, 11, 1601
List the prime factors of 152078.
2, 76039
List the prime factors of 9848.
2, 1231
What are the prime factors of 46825?
5, 1873
List the prime factors of 8366.
2, 47, 89
What are the prime factors of 110124?
2, 3, 7, 19, 23
List the prime factors of 681.
3, 227
What are the prime factors of 6741?
3, 7, 107
What are the prime factors of 605?
5, 11
List the prime factors of 3978.
2, 3, 13, 17
What are the prime factors of 21538?
2, 11, 89
List the prime factors of 304.
2, 19
What are the prime factors of 63683?
43, 1481
List the prime factors of 11511.
3, 1279
What are the prime factors of 1956?
2, 3, 163
What are the prime factors of 31656?
2, 3, 1319
What are the prime factors of 11012?
2, 2753
What are the prime factors of 16549?
13, 19, 67
What are the prime factors of 6801?
3, 2267
List the prime factors of 53926.
2, 59, 457
List the prime factors of 1046.
2, 523
List the prime factors of 1196.
2, 13, 23
What are t